z(r). Let a = -1 + t. Calculate w(a).
-8
Let i(h) = 6*h + 2*h - 5*h + 1. Determine i(-3).
-8
Let p(t) = t**3 - 4*t**2 - 5*t + 3. Let s be p(5). Let q(n) = 2*n + 1 + 3*n**2 - 4*n + n + s*n. Calculate q(-2).
9
Let f(n) = 2*n + 17. Let i(p) = -p - 6. Let v(x) = -3*f(x) - 8*i(x). Give v(4).
5
Let j(d) = -2*d**2 + 115 - 5*d - 112 + 3*d**2. What is j(6)?
9
Suppose -1 + 5 = -4*z. Let r(t) = -2*t**2 + t. Determine r(z).
-3
Let u(x) = -3*x - 1. Suppose z + 3*t - 3 = -t, -4*z + 3*t = -12. Suppose z*l - 3 = 12. Suppose -3*s + l*s - 4 = 0. Determine u(s).
-7
Let b(p) = p**3 - 2*p**2 + 2*p + 2. Let d(h) = -h**2 - 5*h + 1. Suppose g = 2*q + q + 11, -g = 3*q + 13. Let l be d(q). Suppose -l*o + o = -8. Determine b(o).
6
Suppose -20 = -2*i - 2*i. Let f = -1 + i. Let b(h) be the third derivative of h**5/60 - h**4/12 - h**3/6 - 2*h**2 + 3*h. Give b(f).
7
Let o(r) = -14*r - 4. Let f(a) = 5*a + 1. Let h(l) = -11*f(l) - 4*o(l). Suppose 5*g + 10 = 3*g. Determine h(g).
0
Let l(i) = -3*i + 3*i - 4*i + 3*i + 5. Give l(8).
-3
Let d(r) be the first derivative of r**2/2 - r + 5. Calculate d(-2).
-3
Let a be 4/10 + (-6)/(-10). Let w(v) = v - 1. Calculate w(a).
0
Suppose 4 = x + 1. Suppose -4*f + l = -64, -37 + 121 = 4*f + 4*l. Suppose -4*t = -f - x. Let b(u) = u**3 - 6*u**2 + 6*u + 1. Give b(t).
6
Let r be (-180)/24*(-8)/10. Let v(c) = c**3 - 7*c**2 + 6*c + 5. Calculate v(r).
5
Let q be (2/2)/(-1) + 4. Let w(a) = a**3 - q + 4*a**2 + a + 3 + 2. Suppose 0*b - 9 = 3*b. Calculate w(b).
8
Let p(b) = 3*b - 21. Let v be p(6). Let u(a) = a**3 + 3*a**2 - 2. Calculate u(v).
-2
Let j(y) be the first derivative of -8*y - 1/3*y**3 - 6 + 0*y**2. What is j(0)?
-8
Let p be (3/1)/(-9)*-15. Let m(d) = -d + p - 4 + 0. Let v be 1*(-1 - (3 - 4)). Calculate m(v).
1
Let n(h) = h**3 + 8*h**2 - 8*h - 4. Let k(v) = -v**3 - 9*v**2 + 9*v + 5. Let o(w) = 5*k(w) + 6*n(w). Give o(-4).
-3
Suppose 3*h = 8*h + 20. Let v = h - -5. Let c = v - 3. Let f(y) = -y**3 + y - 2. Determine f(c).
4
Let k(n) be the first derivative of -n**2/2 - 2*n + 17. What is k(0)?
-2
Let v(w) be the second derivative of w**4/12 - w**3 - 7*w**2/2 + 2*w. Determine v(5).
-12
Let i(q) = q**3 + q**2 - 4*q + 1. Suppose -5*v = 21 + 34. Let t = -15 - -11. Let f(l) = -3*l**3 - 3*l**2 + 11*l - 2. Let b(y) = t*f(y) + v*i(y). Determine b(0).
-3
Let p(x) = -x. Let l be (-40)/7 + (-4)/14. Let o = l + 10. Suppose -2*f - 2*d + 0*d = -12, o*f = -3*d + 22. Determine p(f).
-4
Suppose -14 = -3*w + 2*v, 5*v + 0*v + 10 = -5*w. Let p be 0/((-1)/(-2)*w). Let i(x) = x - 5. What is i(p)?
-5
Let d(s) = -2*s**3 + 2*s - 3*s + 245*s**2 - 248*s**2. Let v be 6/4*(2 - 0). Suppose 0 = v*g + 6 - 0. Give d(g).
6
Suppose -5*d + 4*c = -30, -4*c - 18 = -4*d - 2*c. Let p(b) = -7. Let n(f) = f - 13. Let w(a) = -6*n(a) + 11*p(a). Calculate w(d).
-11
Let p be (-3 - (-54)/15)*-5. Let q = p + -2. Let l(w) = -w**3 - 5*w**2 + w. Give l(q).
-5
Let j(y) be the first derivative of y**3/6 + 3*y**2/2 + 2*y - 3. Let d(r) be the first derivative of j(r). Calculate d(-5).
-2
Suppose 3 = 3*z - 12. Let j(h) = -h**3 + 6*h**2 - 4*h + 4. Give j(z).
9
Let f(t) = t**3 + 4*t**2 - 6*t - 7. Let r(b) = 7*b**2 - 2*b + 1. Let x be r(1). Let l = -13 - -24. Let m = x - l. Calculate f(m).
-2
Suppose 2*x - 2 = 3*q - 0, 0 = -4*q + x - 11. Let t(v) = -v**2 - 2*v - 1. What is t(q)?
-9
Suppose -3*f + 3 = 21. Let s(x) = x**3 + 5*x**2 - 5*x - 1. What is s(f)?
-7
Suppose -4*k + 11 = -3*y, 2*y - k + 5*k = 26. Let s(m) be the first derivative of -m**3/3 + 5*m**2/2 - 2*m + 29. Determine s(y).
4
Let a(r) = r**2 + 2*r - 6. Let w(n) = -n**2 - n + 5. Let u(h) = 5*a(h) + 4*w(h). Calculate u(-7).
-3
Suppose 40 = 4*d - 4*z, -5*d = -3*d + 2*z - 36. Let l(n) = 8*n + 6. Let f(o) = -3*o - 2. Let s(c) = d*f(c) + 5*l(c). Give s(4).
-6
Let m(o) be the third derivative of o**4/24 - 5*o**3/6 + o**2. Let j(n) = -1. Let q(g) = 4*j(g) - m(g). What is q(6)?
-5
Let s(b) = -3 - 3 - 3*b + 3 - b**2. Let i be s(-3). Let j(k) = -k**2 + k - 8. Let q(m) = 3*m**2 - 2*m + 23. Let z(n) = 17*j(n) + 6*q(n). Determine z(i).
-4
Suppose -5*z = -4*n - 42, -z - 3*n - 2 = 1. Let p(s) = s**2 - 7*s - 3. Determine p(z).
-9
Let r(a) = 4*a**3 + a**2 + 2*a + 1. Let l(s) = -s - 9. Let n be l(-10). Let v(g) = -g**3 + g**2 - 1. Let p(o) = n*r(o) + 2*v(o). Determine p(-2).
-9
Let r(n) = -2*n**2. Suppose l + 0 - 1 = 0. Calculate r(l).
-2
Let z(g) = 3 - 1236*g**2 + 1238*g**2 + 0. What is z(-3)?
21
Let m(d) = -d**2 - 2 + 7*d**3 + 3 - 8*d**3. Let b be m(-1). Let y(i) = 5*i**3 + i**2 - i. Calculate y(b).
5
Let y(k) = k**3 + 4*k**2 - 3*k - 6. Let x(o) = -o**3 - 4*o**2 + 5*o - 3. Let s be x(-5). Let g be 1 + 5/(s + 2). Give y(g).
6
Suppose -v + 2*v - 2 = 0. Let c(w) = -3*w**3 + 3*w**2 - 2*w - 1. Give c(v).
-17
Suppose -w = -2*w + 1. Let i be 2/(w/((-2)/4)). Let b(c) = c**2 - 1. What is b(i)?
0
Let w(o) be the first derivative of o**4/2 - 2*o**3/3 + o**2 - 3*o - 13. Determine w(2).
9
Let h(x) = 1. Let p(r) = -3*r - 3. Let j(i) = i**3 + i**2. Let z be j(-2). Let y(n) = z*h(n) - p(n). Calculate y(-1).
-4
Let p(d) = -d - 6. Let v = 52 + -57. Give p(v).
-1
Suppose -w - 4*w = 30. Let a = -4 - w. Suppose k - a = 0, -10 = 3*s - 2*k - 3. Let h(f) = -2*f + 1. Calculate h(s).
3
Let n(l) = 7*l - 5*l + 0*l - 4*l - 1. Calculate n(2).
-5
Let i(d) = -3 - 5*d - 1 + 7 + d. Let n(g) = -g**2 + g + 3. Let y be n(0). What is i(y)?
-9
Let u(p) = 3*p**3 + p - 1. Suppose 0 = 25*j - 27*j + 2. Calculate u(j).
3
Let w(k) = 21*k - 9*k - 5*k - 8*k. Calculate w(0).
0
Let p(c) be the first derivative of -5*c**3/3 - 3*c**2 + 31*c + 4. Let w(l) = l**2 + 4*l - 6 + l - 4*l. Let g(d) = 2*p(d) + 11*w(d). Give g(0).
-4
Let k(w) be the second derivative of w**3 + w**2 + 41*w. Calculate k(-2).
-10
Let b(o) = -10*o**3 - 6*o**2 + 4*o + 6. Let n(s) = 7*s**3 + 4*s**2 - 3*s - 4. Let m(l) = -5*b(l) - 7*n(l). Let a be m(-2). Let u(w) = -w - 9. Determine u(a).
-5
Let c(q) be the third derivative of q**4/24 - 2*q**2. Determine c(-1).
-1
Let q = 61 - 64. Let k(t) = t - 4. Give k(q).
-7
Let m(o) = -o**3 + 5*o**2 + 5*o + 3. Let z(d) = d**3 + 5*d**2 + 3*d + 2. Let l be z(-5). Let h = 19 + l. What is m(h)?
-3
Let k(s) = -s**2 - 10*s + 3. Let x(o) = 3*o + 17. Let m be x(-9). Determine k(m).
3
Let t(a) = a + 2. Let x(q) = 7*q + 2. Let h(v) = 6*t(v) - x(v). Determine h(7).
3
Let h(y) be the first derivative of -2*y**3/3 + 7*y**2/2 - 4*y - 3. What is h(4)?
-8
Let d(y) be the second derivative of 2*y + 1/2*y**2 + 1/12*y**4 + 1/2*y**3 + 0. Let p be (-4)/(-1 - 1) + -5. What is d(p)?
1
Let n(g) = 15*g**2 + 2. Let x(s) = 8*s**2 + 1. Let a(c) = -3*n(c) + 5*x(c). Calculate a(-1).
-6
Let i(s) = 5*s**3 + s**2 + 3*s - 3. Let u(x) = 10*x**3 + 3*x**2 + 7*x - 7. Let d(g) = 5*i(g) - 2*u(g). Determine d(1).
4
Let g(v) = 7*v**2 + v + 4 - 3*v**3 - 8*v**2 + 2*v**3 + 0*v. Give g(0).
4
Let m(d) be the second derivative of -d**5/20 - d**4/3 + 2*d**3/3 + d**2 + 3*d. Give m(-4).
-14
Let u(o) be the third derivative of 1/120*o**6 + o**3 + 0*o - 3*o**2 + 1/4*o**4 + 1/12*o**5 + 0. Calculate u(-4).
-2
Let s(w) = w**3 + 1. Let m(u) = -6*u**3 - u**2 + u - 2. Let f(p) = m(p) + 2*s(p). Suppose -4*j = -2*v + 14, 2*j + 8 = v + v. Determine f(v).
-4
Let a(q) = -2*q - 4. Suppose 0*b + 6 = -3*l - 5*b, b - 3 = 0. What is a(l)?
10
Let d be 1/(-7) + (-126)/147. Let f(b) = -3*b**2 - b - 1. Calculate f(d).
-3
Let b(w) = w**2 + 5. Let a be b(0). Let i(h) be the second derivative of -h**4/12 + 4*h**3/3 - 3*h**2 - h + 2. What is i(a)?
9
Suppose -m + 2 = -2. Let a(k) = -5*k + 1. Let g(u) = 4*u - 2. Let s(d) = 3*a(d) + 4*g(d). Determine s(m).
-1
Let v = -9 + 15. Suppose 3*s + 3*t = v - 3, 5*s + 31 = 4*t. Let q(j) = -j**2 - 4 + 2*j**2 - 2*j + 4*j. Calculate q(s).
-1
Let d(q) be the second derivative of q**3/6 - q. Suppose o + 5*h = 17, -5*h = -5*o - 4*h + 7. Give d(o).
2
Let j(g) = g**3 - 6*g**2 + 6*g + 1. Let z = -23 - -28. Let a be j(z). Let f(d) = -d**2 + 8*d - 1. Give f(a).
11
Let o(c) = -c**3 - 5*c**2 - 6*c - 5. Let v(i) = 0 - i + 4 - 2. Let h be v(7). Let u = h + 1. Give o(u).
3
Suppose -50 - 14 = -4*c. Suppose -w - 3*w = -o - c, 4*o = -3*w - 7. Let y(i) = -w*i - 4*i + 3 + 5*i. What is y(3)?
-3
Let u(a) = -a**3 + 2*a + 1. Let s = -6 + -3. Let l = 7 + s. Determine u(l).
5
Let f(l) be the second derivative of l**3/2 + 3*l**2/2 + 23*l. Let n = 5 - 10. Determine 